e c*x - 10724 = 18*x. What are the prime factors of x?
2, 383
Let w = -56065 + 81236. List the prime factors of w.
25171
Suppose 4*i - 18 = 2*i + 5*r, -4*r + 4 = 3*i. Suppose -i*p = -2*t - 5252, -550 = -5*p + 2*t + 6015. What are the prime factors of p?
13, 101
Let t(y) be the first derivative of -7/2*y**2 + 1/3*y**3 - 6*y - 6. List the prime factors of t(8).
2
Suppose -18*r + 80 = -2*r. List the prime factors of r + -1 - (-228 - -9).
223
Let t(i) = i**2 + 13*i - 9. Let k be t(5). Suppose -1 = -5*z - 5*q + 14, q - 3 = -2*z. Suppose 0*o + 3*o - k = z. List the prime factors of o.
3
Suppose -261 = j - 2116. Suppose -5*m - j - 1638 = -4*b, 3*m - 1741 = -2*b. What are the prime factors of b?
2, 109
Let p(o) = 12*o**2 - 11*o + 61. Let r(l) = -9*l**2 + 11*l - 60. Let y(k) = 4*p(k) + 5*r(k). List the prime factors of y(14).
2, 7
Let d be 3/(-5) + 7/(-5) + 5. Suppose -d*s - 329 = -3854. What are the prime factors of s?
5, 47
Let a(l) be the second derivative of -1/6*l**3 + 5*l**2 - 21*l - 2/3*l**4 + 0 - 1/20*l**5. List the prime factors of a(-8).
2, 3
Let g(j) = 3*j**3 + j**2 + 99*j - 363. Let w be g(4). Suppose -244 = 4*h + 420. Let m = h + w. What are the prime factors of m?
3, 5
Let j(c) = 12*c**2 - 16*c - 32. What are the prime factors of j(12)?
2, 47
Let w(r) = 173*r**2 - 3*r - 3. Let l = 10 - 8. What are the prime factors of w(l)?
683
Let d be 4/6 + 2/(-6)*-196. Let u be (-232)/(-8) - (-1 + 3). Let q = d - u. List the prime factors of q.
3, 13
List the prime factors of (3 - 78192)/(86/(-52) - (-2)/13).
2, 67, 389
Let p(y) = 8*y - 54. Let q be p(7). Suppose 2*a = -3*o + 837, -5*a - q*o = -0*a - 2098. List the prime factors of a.
2, 3, 5, 7
Let d(h) be the second derivative of -1/6*h**3 + 0 + 63/2*h**2 + 2*h. List the prime factors of d(0).
3, 7
Let c be 1 + 3746/30 + 84/630. List the prime factors of (c/4)/(3/(-252)*-3).
2, 3, 7
Let j = -970 + 4312. What are the prime factors of j?
2, 3, 557
Let p(m) = -3*m + 2*m**2 - 1 - 4 + 7. Let j be p(2). Suppose -k - j*f = -50, -2*k - 7 = -5*f - 146. List the prime factors of k.
2, 31
Let x = 24 + -14. Let o = -264 - -264. Suppose -x*g + 51 + 129 = o. List the prime factors of g.
2, 3
List the prime factors of (-1 + 102)/(17/442) + -6.
2, 5, 131
Let w(k) = -k**3 - 16*k**2 - 39*k - 62. Suppose 62*h + 36 = 60*h. What are the prime factors of w(h)?
2, 7, 23
Suppose -4*i = -2*f + 16, -3*i = f - 3*f + 13. Suppose 5*w + 246 = 3*y, -y + 4*w = f*y - 246. Suppose -y = -3*r + 176. List the prime factors of r.
2, 43
Suppose 3*x - 47096 = 2*g, -4*g = -3*x + 17961 + 29131. What are the prime factors of x?
2, 5, 157
Suppose 0 = -3*h - 5*h + 960. Let y be ((-492)/(-10))/(36/h). Let f = y + -40. List the prime factors of f.
2, 31
Let g(w) = -11*w + 279. Let l be g(14). What are the prime factors of (12/7)/(l/(-175))*-505?
2, 3, 101
Suppose -48 = -29*m + 21*m. Suppose -m*g + 4*g + 36 = 0. List the prime factors of g.
2, 3
Suppose -2*t - 5*b = -60035, 69*t - 65*t - 4*b = 120168. What are the prime factors of t?
5, 6007
Let w(i) = 5*i**2 - 4*i - 3. Let d be w(6). Suppose -5*y = 2*z - 10*y - 99, d = 4*z - y. List the prime factors of z.
37
Suppose 0 = 4*l - 12, 4*u - 602 = -0*u + 2*l. Let k = 416 - u. What are the prime factors of k?
2, 3, 11
Let r be (-15)/(-30) + (3 - 21/6). Let d(p) be the second derivative of p**5/20 - p**4/6 + p**3/3 + 89*p**2/2 - 2*p. List the prime factors of d(r).
89
Let l be 6/21 - 33708/(-14). Let g = 1097 - l. What are the prime factors of g/(-24) + (-3)/(-8)?
5, 11
Suppose -4*g + 14 = -6. Suppose q + g*p = 348, -p - p = -4. List the prime factors of q.
2, 13
Let v(h) = -h**3 + 11*h**2 + 51*h - 27. Suppose 2*l + 6*k - 16 = 4*k, 3*l + 2*k - 29 = 0. List the prime factors of v(l).
2, 149
Suppose 0 = -5*w + 3*o + 48, 3*w - o - 14 - 18 = 0. Suppose 0 = 3*z - w + 6. Suppose 3*a = z*v - 124 - 37, -4*v + 272 = 4*a. What are the prime factors of v?
73
Suppose -16*v + 11*v + 110 = 4*w, -5*w + 144 = 3*v. What are the prime factors of (-4270)/(-30)*w/35?
2, 61
Suppose x - 906 = -2*z, -3*x - 36*z = -41*z - 2740. Let b = x - 404. List the prime factors of b.
2, 11, 23
Let l be ((280/(-21))/(-10))/(5/14385). Suppose 18*p - l = 14*p. List the prime factors of p.
7, 137
Let h be 12/9*(-327)/(-4). Let l be (9/((-27)/(-62)))/(1/(-3)). Let p = h + l. List the prime factors of p.
47
Let r(o) = o**3 + 15*o**2 - 21*o + 13. Suppose -u + 0*w - 9 = w, w + 57 = -5*u. Let c(h) = 5*h + 44. Let t be c(u). List the prime factors of r(t).
3, 31
Let t be 0*(20/15 - (-3)/(-9)). Suppose -4*y + 2788 + 4584 = t. What are the prime factors of y?
19, 97
Suppose 200*r - 4264563 + 961363 = 0. List the prime factors of r.
2, 4129
Suppose 2*q - 2*a = 31788, -q + 9*a = 4*a - 15906. What are the prime factors of q?
3, 5297
Let q(v) = -v**3 + 1. Let f(m) = -5*m**3 + 7*m**2 + 13*m - 30. Let u(d) = -f(d) + 4*q(d). Let k be 4*-1*1*(-250)/100. List the prime factors of u(k).
2, 3, 17
Suppose -8*d - 113647 = -2*d - 432457. What are the prime factors of d?
5, 10627
Suppose 5*z + 2*b = -22577 + 54688, 4*z + 2*b = 25690. What are the prime factors of z?
6421
What are the prime factors of ((-75)/20)/(((-3)/(-50))/((-5064)/60))?
5, 211
Let h(q) be the second derivative of q**4/2 - 88*q**3/3 + 12*q**2 - q + 1. List the prime factors of h(30).
2, 3
Let y(l) = 18 + 13 - l - 2*l - 3. Let g be y(8). Suppose g*f = 2*f - 5*a + 79, -f + 47 = 5*a. What are the prime factors of f?
2
Let z(o) = -o**2 + 6*o. Let b be z(5). Let a = 6563 - 6241. Suppose r = -b*h + 407, -r = 4*h + r - a. List the prime factors of h.
2, 41
Suppose w - 8 = -2*k - 4*w, 5*k + 5*w = 20. Suppose -k*m = -4*p - 896, -m - 11*p + 4*p + 184 = 0. List the prime factors of m.
3, 73
List the prime factors of 15*(-18)/(-81)*3/2 + 617.
2, 311
Let y(r) be the second derivative of -32*r**3/3 + 11*r**2/2 + 3*r. What are the prime factors of y(-2)?
139
Let x(l) = l**3 + 10*l**2 - l - 10. Let s be x(-10). Suppose s*d = -2*d - 12. Let a = d - -12. What are the prime factors of a?
2, 3
Let b(i) = 366*i**2 - 18*i + 5. List the prime factors of b(-2).
5, 7, 43
Suppose -10*h = 20 - 370. Let s = 216 - h. What are the prime factors of s?
181
Suppose -20*u = -22*u - 3*g + 90337, -g = -u + 45161. List the prime factors of u.
2, 7, 1613
Let w(l) = 6*l**3 - l**2 - l. Let v be w(1). Suppose 5*n + i = 220, 5*n + v*i = i + 210. List the prime factors of n.
3, 5
Let i(c) = 3*c**2 + 13*c - 17. Let g be i(-10). Let y = 44 - 22. Suppose -y*b = -25*b + g. List the prime factors of b.
3, 17
Let p = -71 + 48. Let w = -24 - p. What are the prime factors of ((-208)/(-8))/(w/(-2))?
2, 13
Let n = -35 - -38. Suppose 0 = -3*f - 0 + n. Let h = f - -27. List the prime factors of h.
2, 7
What are the prime factors of (7 - (-7 - -107))/((-5)/650)?
2, 3, 5, 13, 31
Let y(k) = 2*k**3 - 19*k**2 - 7*k + 13. Let u be y(10). Suppose 5*w - 1718 = -u. List the prime factors of w.
5, 67
Suppose -4*l = -467 - 1. Suppose -l = 12*k - 15*k. List the prime factors of k.
3, 13
Let v = -277 - -3652. List the prime factors of v.
3, 5
Suppose -6*v = 11902 - 65770. What are the prime factors of v?
2, 67
Let i be 1/(-2)*(-4 + 8). Let d be -1 - (-2 + i) - 2. What are the prime factors of (d/2)/((-13)/(-494))?
19
Suppose 2*a - 4 = 2*x, -3*a - x = -2 + 12. Let d be 7/((-126)/(-12))*9/2. What are the prime factors of (-482)/(-6) - a/d?
3
Let h(b) = b**2 + 37*b + 2113. List the prime factors of h(0).
2113
Suppose -3*a + 98 - 2 = 0. Let k = 267 + -241. Let l = a - k. What are the prime factors of l?
2, 3
Let k(n) = 30*n**2 + 2*n + 1. Let t be k(-1). Let j = t + -26. What are the prime factors of (1 + -4)/(j/(-24))?
2, 3
Let l be (-69)/(-23) + 87/1. Let n = l + -104. What are the prime factors of (-4)/n - 1634/(-14)?
3, 13
Let t(l) = 14*l + 6. Let h(i) = -i. Let b(m) = 3*h(m) - t(m). Let c(p) = -15*p - 7. Let y(q) = -5*b(q) + 4*c(q). List the prime factors of y(6).
2, 19
Suppose 6*w + 1362 = -828. Let l be 15*1*(1 + 1 - -35). Let u = l + w. What are the prime factors of u?
2, 5, 19
Let t = -597 + 602. Suppose -2*c + 509 = 7*z - 2*z, -z = t*c - 111. What are the prime factors of z?
101
Let q(v) = 8*v**2 + 20*v + 6. Let x be q(9). Suppose y - 2229 = -4*p - x, 5580 = 4*y + 3*p. What are the prime factors of y?
3, 5, 31
Let t = -33 + 34. Let h be -1 - t - (-3 + 